of 4086599?
4
What is the hundred thousands digit of 1653181?
6
What is the tens digit of 3164458?
5
What is the hundred thousands digit of 3114109?
1
What is the hundred thousands digit of 582120?
5
What is the hundred thousands digit of 13209230?
2
What is the hundreds digit of 449544?
5
What is the tens digit of 6381568?
6
What is the tens digit of 96379?
7
What is the ten thousands digit of 303583?
0
What is the units digit of 615264?
4
What is the ten thousands digit of 2315316?
1
What is the units digit of 824604?
4
What is the hundreds digit of 2286094?
0
What is the thousands digit of 2730441?
0
What is the units digit of 462459?
9
What is the ten thousands digit of 587053?
8
What is the hundred thousands digit of 128092?
1
What is the ten thousands digit of 1416099?
1
What is the thousands digit of 15181734?
1
What is the hundred thousands digit of 598674?
5
What is the hundred thousands digit of 4067816?
0
What is the thousands digit of 2456452?
6
What is the tens digit of 224198?
9
What is the thousands digit of 812143?
2
What is the millions digit of 26106380?
6
What is the units digit of 6260688?
8
What is the hundred thousands digit of 421384?
4
What is the units digit of 228819?
9
What is the hundreds digit of 261663?
6
What is the tens digit of 3420568?
6
What is the hundreds digit of 199376?
3
What is the millions digit of 2456617?
2
What is the units digit of 2444135?
5
What is the tens digit of 934826?
2
What is the ten thousands digit of 9956622?
5
What is the ten thousands digit of 537030?
3
What is the tens digit of 248910?
1
What is the tens digit of 11627086?
8
What is the hundred thousands digit of 3367069?
3
What is the ten millions digit of 14465865?
1
What is the ten thousands digit of 415182?
1
What is the hundred thousands digit of 292598?
2
What is the tens digit of 556386?
8
What is the ten thousands digit of 258923?
5
What is the thousands digit of 321322?
1
What is the hundreds digit of 1597732?
7
What is the hundred thousands digit of 9686065?
6
What is the tens digit of 20463992?
9
What is the thousands digit of 2278753?
8
What is the units digit of 144101?
1
What is the thousands digit of 1783490?
3
What is the millions digit of 2371140?
2
What is the tens digit of 5309568?
6
What is the millions digit of 3829629?
3
What is the hundred thousands digit of 625844?
6
What is the units digit of 908028?
8
What is the thousands digit of 13679507?
9
What is the ten thousands digit of 788203?
8
What is the units digit of 127202?
2
What is the ten thousands digit of 190216?
9
What is the ten thousands digit of 32739?
3
What is the ten thousands digit of 334697?
3
What is the hundreds digit of 34181?
1
What is the tens digit of 4202144?
4
What is the ten thousands digit of 3577049?
7
What is the tens digit of 415119?
1
What is the units digit of 3240493?
3
What is the ten thousands digit of 21970010?
7
What is the tens digit of 12170254?
5
What is the hundred thousands digit of 123851?
1
What is the hundreds digit of 6183244?
2
What is the hundred thousands digit of 854840?
8
What is the millions digit of 1045236?
1
What is the hundred thousands digit of 953425?
9
What is the hundreds digit of 69642?
6
What is the ten thousands digit of 1814880?
1
What is the ten thousands digit of 153348?
5
What is the hundred thousands digit of 1610565?
6
What is the thousands digit of 769222?
9
What is the tens digit of 1901?
0
What is the hundreds digit of 1476018?
0
What is the tens digit of 32557?
5
What is the tens digit of 1522102?
0
What is the ten thousands digit of 4301454?
0
What is the units digit of 444903?
3
What is the ten thousands digit of 1679793?
7
What is the millions digit of 4644599?
4
What is the hundred thousands digit of 5074474?
0
What is the millions digit of 1191010?
1
What is the ten thousands digit of 325417?
2
What is the thousands digit of 1864830?
4
What is the units digit of 1309?
9
What is the millions digit of 3929092?
3
What is the thousands digit of 6045985?
5
What is the thousands digit of 277737?
7
What is the units digit of 6479319?
9
What is the units digit of 519749?
9
What is the hundreds digit of 1041256?
2
What is the hundreds digit of 225017?
0
What is the millions digit of 26342946?
6
What is the millions digit of 1942378?
1
What is the hundreds digit of 80611?
6
What is the tens digit of 20980969?
6
What is the hundred thousands digit of 14184953?
1
What is the tens digit of 1757000?
0
What is the thousands digit of 97551?
7
What is the hundreds digit of 3196084?
0
What is the hundred thousands digit of 15481276?
4
What is the units digit of 3801026?
6
What is the ten thousands digit of 572119?
7
What is the thousands digit of 19194?
9
What is the tens digit of 223923?
2
What is the thousands digit of 45765?
5
What is the hundreds digit of 295643?
6
What is the units digit of 22317532?
2
What is the tens digit of 2034648?
4
What is the units digit of 434323?
3
What is the units digit of 249630?
0
What is the ten thousands digit of 2179765?
7
What is the tens digit of 76272?
7
What is the thousands digit of 12751537?
1
What is the hundreds digit of 1940986?
9
What is the thousands digit of 38078?
8
What is the millions digit of 2145290?
2
What is the units digit of 285593?
3
What is the thousands digit of 412394?
2
What is the hundreds digit of 1001644?
6
What is the millions digit of 4496642?
4
What is the units digit of 251162?
2
What is the hundreds digit of 278313?
3
What is the units digit of 1943028?
8
What is the hundred thousands digit of 14525323?
5
What is the tens digit of 243310?
1
What is the ten thousands digit of 169571?
6
What is the hundred thousands digit of 138828?
1
What is the tens digit of 415245?
4
What is the hundred thousands digit of 391015?
3
What is the ten millions digit of 14198435?
1
What is the units digit of 25652?
2
What is the thousands digit of 48583?
8
What is the thousands digit of 208724?
8
What is the units digit of 134816?
6
What is the units digit of 672519?
9
What is the hundreds digit of 11020815?
8
What is the tens digit of 541449?
4
What is the tens digit of 11155519?
1
What is the hundreds digit of 11026079?
0
What is the hundred thousands digit of 17578218?
5
What is the units digit of 15102?
2
What is the thousands digit of 52389?
2
What is the hundred thousands digit of 8575136?
5
What is the ten thousands digit of 9162854?
6
What is the units digit of 688227?
7
What is the thousands digit of 986214?
6
What is the ten millions digit of 19064072?
1
What is the tens digit of 799526?
2
What is the ten thousands digit of 3274700?
7
What is the ten thousands digit of 138336?
3
What is the thousands digit of 3089143?
9
What is the thousands digit of 364798?
4
What is the hundreds digit of 255772?
7
What is the tens digit of 3630439?
3
What is the thousands digit of 611771?
1
What is the hundred thousands digit of 9837647?
8
What is the hundreds digit of 237170?
1
What is the units digit of 2589088?
8
What is the units digit of 1176212?
2
What is the hundred thousands digit of 497387?
4
What is the thousands digit of 302402?
2
What is the ten millions digit of 10277425?
1
What is the millions digit of 1883121?
1
What is the tens digit of 3874452?
5
What is the hundreds digit of 7485836?
8
What is the ten thousands digit of 1072115?
7
What is the thousands digit of 7047339?
7
What is the tens digit of 520337?
3
What is the tens digit of 1588506?
0
What is the thousands digit of 544574?
4
What is the ten thousands digit of 2014098?
1
What is the tens digit of 1033799?
9
What is the hundred thousands digit of 1047272?
0
What is the ten thousands digit of 155622?
5
What is the hundred thousands digit of 6314854?
3
What is the hundreds digit of 11070272?
2
What is the hundred thousands digit of 1713199?
7
What is the thousands digit of 146998?
6
What is the hundred thousands digit of 854059?
8
What is the ten thousands digit of 16139390?
3
What is the hundred thousands digit of 246369?
2
What is the thousands digit of 57864?
7
What is the thousands digit of 155385?
5
What is the units digit of 143131?
1
What is the tens digit of 5061904?
0
What is the hundred thousands digit of 3329195?
3
What is the hundreds digit of 313654?
6
What is the ten